{"id":2,"date":"2023-10-24T15:22:10","date_gmt":"2023-10-24T15:22:10","guid":{"rendered":"https:\/\/web4.rkinformatika.net\/perilan\/?page_id=2"},"modified":"2024-11-13T20:32:39","modified_gmt":"2024-11-13T20:32:39","slug":"inicio","status":"publish","type":"page","link":"https:\/\/perilan.com\/eus\/","title":{"rendered":"Hasiera"},"content":{"rendered":"<div data-elementor-type=\"wp-page\" data-elementor-id=\"2\" class=\"elementor elementor-2\" data-elementor-post-type=\"page\">\n\t\t\t\t\t\t<section class=\"elementor-section elementor-top-section elementor-element elementor-element-21b4bb5e animated-slow elementor-section-boxed elementor-section-height-default elementor-section-height-default\" data-id=\"21b4bb5e\" data-element_type=\"section\" data-e-type=\"section\" data-settings=\"{&quot;background_background&quot;:&quot;classic&quot;,&quot;animation&quot;:&quot;none&quot;,&quot;animation_delay&quot;:120,&quot;animation_tablet&quot;:&quot;none&quot;,&quot;animation_mobile&quot;:&quot;none&quot;}\">\n\t\t\t\t\t\t\t<div class=\"elementor-background-overlay\"><\/div>\n\t\t\t\t\t\t\t<div class=\"elementor-container elementor-column-gap-default\">\n\t\t\t\t\t<div class=\"elementor-column elementor-col-100 elementor-top-column elementor-element elementor-element-29fe2f51\" data-id=\"29fe2f51\" data-element_type=\"column\" data-e-type=\"column\">\n\t\t\t<div class=\"elementor-widget-wrap elementor-element-populated\">\n\t\t\t\t\t\t<div class=\"elementor-element elementor-element-812ef54 elementor-widget elementor-widget-heading\" data-id=\"812ef54\" data-element_type=\"widget\" data-e-type=\"widget\" data-widget_type=\"heading.default\">\n\t\t\t\t<div class=\"elementor-widget-container\">\n\t\t\t\t\t<h1 class=\"elementor-heading-title elementor-size-default\">Perilan World<\/h1>\t\t\t\t<\/div>\n\t\t\t\t<\/div>\n\t\t\t\t\t<\/div>\n\t\t<\/div>\n\t\t\t\t\t<\/div>\n\t\t<\/section>\n\t\t<div class=\"elementor-element elementor-element-75dccfc e-flex e-con-boxed elementor-invisible e-con e-parent\" data-id=\"75dccfc\" data-element_type=\"container\" data-e-type=\"container\" data-settings=\"{&quot;background_background&quot;:&quot;classic&quot;,&quot;animation&quot;:&quot;fadeInLeft&quot;,&quot;animation_tablet&quot;:&quot;fadeInLeft&quot;,&quot;animation_mobile&quot;:&quot;fadeInLeft&quot;}\">\n\t\t\t\t\t<div class=\"e-con-inner\">\n\t\t<div class=\"elementor-element elementor-element-559ab8b e-con-full e-flex e-con e-child\" data-id=\"559ab8b\" data-element_type=\"container\" data-e-type=\"container\">\n\t\t\t\t<div class=\"elementor-element elementor-element-3280ce4 elementor-widget elementor-widget-heading\" data-id=\"3280ce4\" data-element_type=\"widget\" data-e-type=\"widget\" data-widget_type=\"heading.default\">\n\t\t\t\t<div class=\"elementor-widget-container\">\n\t\t\t\t\t<span class=\"elementor-heading-title elementor-size-default\">Guri Buruz<\/span>\t\t\t\t<\/div>\n\t\t\t\t<\/div>\n\t\t\t\t<div class=\"elementor-element elementor-element-a44cd9a elementor-widget elementor-widget-text-editor\" data-id=\"a44cd9a\" data-element_type=\"widget\" data-e-type=\"widget\" data-widget_type=\"text-editor.default\">\n\t\t\t\t<div class=\"elementor-widget-container\">\n\t\t\t\t\t\t\t\t\t<p>Mekanizazioan 20 urte baino gehiagoko esperientziak bermatzen du gure lana.<\/p><p class=\"subparrafo\">Mota guztietako materialak dituzten piezak fabrikatzen ditugu: altzairu bigunak, gogorrak, herdoilgaitzak. Kobrezko, letoizko, brontzezko eta aluminiozko aleazioak. Nylon, pom, duroglis, tefloi eta antzeko plastikoak.<\/p>\t\t\t\t\t\t\t\t<\/div>\n\t\t\t\t<\/div>\n\t\t\t\t<\/div>\n\t\t\t\t\t<\/div>\n\t\t\t\t<\/div>\n\t\t<div class=\"elementor-element elementor-element-85b2748 e-flex e-con-boxed elementor-invisible e-con e-parent\" data-id=\"85b2748\" data-element_type=\"container\" data-e-type=\"container\" data-settings=\"{&quot;background_background&quot;:&quot;classic&quot;,&quot;animation&quot;:&quot;fadeInRight&quot;,&quot;animation_tablet&quot;:&quot;fadeInRight&quot;,&quot;animation_mobile&quot;:&quot;fadeInRight&quot;}\">\n\t\t\t\t\t<div class=\"e-con-inner\">\n\t\t<div class=\"elementor-element elementor-element-3b3e9a8 e-con-full elementor-hidden-mobile e-flex e-con e-child\" data-id=\"3b3e9a8\" data-element_type=\"container\" data-e-type=\"container\">\n\t\t\t\t<div class=\"elementor-element elementor-element-4e972e7 elementor-widget elementor-widget-image\" data-id=\"4e972e7\" data-element_type=\"widget\" data-e-type=\"widget\" data-widget_type=\"image.default\">\n\t\t\t\t<div class=\"elementor-widget-container\">\n\t\t\t\t\t\t\t\t\t\t\t\t\t\t\t<img fetchpriority=\"high\" decoding=\"async\" width=\"700\" height=\"575\" src=\"https:\/\/perilan.com\/wp-content\/uploads\/2023\/12\/Perilan-8.webp\" class=\"attachment-large size-large wp-image-409\" alt=\"\" srcset=\"https:\/\/perilan.com\/wp-content\/uploads\/2023\/12\/Perilan-8.webp 700w, https:\/\/perilan.com\/wp-content\/uploads\/2023\/12\/Perilan-8-300x246.webp 300w, https:\/\/perilan.com\/wp-content\/uploads\/2023\/12\/Perilan-8-15x12.webp 15w\" sizes=\"(max-width: 700px) 100vw, 700px\" \/>\t\t\t\t\t\t\t\t\t\t\t\t\t\t\t<\/div>\n\t\t\t\t<\/div>\n\t\t\t\t<\/div>\n\t\t<div class=\"elementor-element elementor-element-0bccc36 e-con-full e-flex e-con e-child\" data-id=\"0bccc36\" data-element_type=\"container\" data-e-type=\"container\">\n\t\t\t\t<div class=\"elementor-element elementor-element-afa360b elementor-widget elementor-widget-heading\" data-id=\"afa360b\" data-element_type=\"widget\" data-e-type=\"widget\" data-widget_type=\"heading.default\">\n\t\t\t\t<div class=\"elementor-widget-container\">\n\t\t\t\t\t<h2 class=\"elementor-heading-title elementor-size-default\">Especialistas en mecanizado CNC en Zarautz<\/h2>\t\t\t\t<\/div>\n\t\t\t\t<\/div>\n\t\t\t\t<div class=\"elementor-element elementor-element-1d0ba82 elementor-widget elementor-widget-text-editor\" data-id=\"1d0ba82\" data-element_type=\"widget\" data-e-type=\"widget\" data-widget_type=\"text-editor.default\">\n\t\t\t\t<div class=\"elementor-widget-container\">\n\t\t\t\t\t\t\t\t\t<p>Ekoizpenaren kalitatea eta zerbitzu guztiz pertsonalizatua dira gure bereizgarriak. Piezen tratamendurako zerbitzu bat jartzen dugu zure eskura, mekanizazio-proiektuak hala eskatzen badu. CNC mekanizatzeko eta fresatzeko hiru zentro ditugu, baita bi CNC tornu ere.<\/p>\t\t\t\t\t\t\t\t<\/div>\n\t\t\t\t<\/div>\n\t\t\t\t<div class=\"elementor-element elementor-element-6cb0c38 elementor-widget elementor-widget-button\" data-id=\"6cb0c38\" data-element_type=\"widget\" data-e-type=\"widget\" data-widget_type=\"button.default\">\n\t\t\t\t<div class=\"elementor-widget-container\">\n\t\t\t\t\t\t\t\t\t<div class=\"elementor-button-wrapper\">\n\t\t\t\t\t<a class=\"elementor-button elementor-button-link elementor-size-lg\" href=\"https:\/\/perilan.com\/eus\/mecanizado-cnc\/\">\n\t\t\t\t\t\t<span class=\"elementor-button-content-wrapper\">\n\t\t\t\t\t\t\t\t\t<span class=\"elementor-button-text\">GEHIAGO IRAKURRI<\/span>\n\t\t\t\t\t<\/span>\n\t\t\t\t\t<\/a>\n\t\t\t\t<\/div>\n\t\t\t\t\t\t\t\t<\/div>\n\t\t\t\t<\/div>\n\t\t\t\t<\/div>\n\t\t\t\t\t<\/div>\n\t\t\t\t<\/div>\n\t\t<div class=\"elementor-element elementor-element-2a89ab6 e-flex e-con-boxed elementor-invisible e-con e-parent\" data-id=\"2a89ab6\" data-element_type=\"container\" data-e-type=\"container\" data-settings=\"{&quot;background_background&quot;:&quot;classic&quot;,&quot;animation&quot;:&quot;fadeInLeft&quot;,&quot;animation_tablet&quot;:&quot;fadeInLeft&quot;,&quot;animation_mobile&quot;:&quot;fadeInLeft&quot;}\">\n\t\t\t\t\t<div class=\"e-con-inner\">\n\t\t<div class=\"elementor-element elementor-element-94a7d2e e-con-full e-flex e-con e-child\" data-id=\"94a7d2e\" data-element_type=\"container\" data-e-type=\"container\">\n\t\t\t\t<div class=\"elementor-element elementor-element-2585e15 elementor-widget elementor-widget-heading\" data-id=\"2585e15\" data-element_type=\"widget\" data-e-type=\"widget\" data-widget_type=\"heading.default\">\n\t\t\t\t<div class=\"elementor-widget-container\">\n\t\t\t\t\t<h2 class=\"elementor-heading-title elementor-size-default\">Mekanizazioko premiazko zerbitzuak<\/h2>\t\t\t\t<\/div>\n\t\t\t\t<\/div>\n\t\t\t\t<div class=\"elementor-element elementor-element-07a21f6 elementor-widget elementor-widget-text-editor\" data-id=\"07a21f6\" data-element_type=\"widget\" data-e-type=\"widget\" data-widget_type=\"text-editor.default\">\n\t\t\t\t<div class=\"elementor-widget-container\">\n\t\t\t\t\t\t\t\t\t<p>Realizamos servicios urgentes de mecanizado CNC en Zarautz, Gipuzkoa, estudiamos tu proyecto y te ofrecemos la mejor soluci\u00f3n. Te ofrecemos nuestro servicio de urgencia para la producci\u00f3n de series cortas y piezas unitarias.<\/p>\t\t\t\t\t\t\t\t<\/div>\n\t\t\t\t<\/div>\n\t\t\t\t<div class=\"elementor-element elementor-element-e5cc858 elementor-widget elementor-widget-button\" data-id=\"e5cc858\" data-element_type=\"widget\" data-e-type=\"widget\" data-widget_type=\"button.default\">\n\t\t\t\t<div class=\"elementor-widget-container\">\n\t\t\t\t\t\t\t\t\t<div class=\"elementor-button-wrapper\">\n\t\t\t\t\t<a class=\"elementor-button elementor-button-link elementor-size-lg\" href=\"#\">\n\t\t\t\t\t\t<span class=\"elementor-button-content-wrapper\">\n\t\t\t\t\t\t\t\t\t<span class=\"elementor-button-text\">GEHIAGO IRAKURRI<\/span>\n\t\t\t\t\t<\/span>\n\t\t\t\t\t<\/a>\n\t\t\t\t<\/div>\n\t\t\t\t\t\t\t\t<\/div>\n\t\t\t\t<\/div>\n\t\t\t\t<\/div>\n\t\t<div class=\"elementor-element elementor-element-ffa6d79 e-con-full elementor-hidden-mobile e-flex e-con e-child\" data-id=\"ffa6d79\" data-element_type=\"container\" data-e-type=\"container\">\n\t\t\t\t<div class=\"elementor-element elementor-element-1a72a39 elementor-widget elementor-widget-image\" data-id=\"1a72a39\" data-element_type=\"widget\" data-e-type=\"widget\" data-widget_type=\"image.default\">\n\t\t\t\t<div class=\"elementor-widget-container\">\n\t\t\t\t\t\t\t\t\t\t\t\t\t\t\t<img decoding=\"async\" width=\"700\" height=\"433\" src=\"https:\/\/perilan.com\/wp-content\/uploads\/2023\/12\/1111.webp\" class=\"attachment-large size-large wp-image-410\" alt=\"\" srcset=\"https:\/\/perilan.com\/wp-content\/uploads\/2023\/12\/1111.webp 700w, https:\/\/perilan.com\/wp-content\/uploads\/2023\/12\/1111-300x186.webp 300w, https:\/\/perilan.com\/wp-content\/uploads\/2023\/12\/1111-18x12.webp 18w\" sizes=\"(max-width: 700px) 100vw, 700px\" \/>\t\t\t\t\t\t\t\t\t\t\t\t\t\t\t<\/div>\n\t\t\t\t<\/div>\n\t\t\t\t<\/div>\n\t\t\t\t\t<\/div>\n\t\t\t\t<\/div>\n\t\t\t\t<\/div>","protected":false},"excerpt":{"rendered":"<p>Perilan World Sobre Nosotros M\u00e1s de 20 a\u00f1os de experiencia en el mecanizado avalan nuestro trabajo. Fabricamos piezas con todo tipo de materiales : Aceros blandos, duros, inoxidables. Aleaciones de cobre, lat\u00f3n, bronce, aluminios. Pl\u00e1sticos como nylon, pom, duroglis, tefl\u00f3n, etc. Especialistas en mecanizado CNC en Zarautz Calidad en la producci\u00f3n y un servicio totalmente [&hellip;]<\/p>\n","protected":false},"author":1,"featured_media":115,"parent":0,"menu_order":0,"comment_status":"closed","ping_status":"closed","template":"elementor_canvas","meta":{"footnotes":""},"class_list":["post-2","page","type-page","status-publish","has-post-thumbnail","hentry"],"yoast_head":"<!-- This site is optimized with the Yoast SEO plugin v27.5 - https:\/\/yoast.com\/product\/yoast-seo-wordpress\/ -->\n<title>Empresa de Mecanizado en Zarautz, Gipuzkoa - Perilan World<\/title>\n<meta name=\"description\" content=\"Fabricamos piezas con todo tipo de materiales: Aceros blandos, duros, inoxidables. Aleaciones de cobre, lat\u00f3n, bronce, aluminios.\" \/>\n<meta name=\"robots\" content=\"index, follow, max-snippet:-1, max-image-preview:large, max-video-preview:-1\" \/>\n<link rel=\"canonical\" href=\"https:\/\/perilan.com\/eus\/\" \/>\n<meta property=\"og:locale\" content=\"en_US\" \/>\n<meta property=\"og:type\" content=\"article\" \/>\n<meta property=\"og:title\" content=\"Empresa de Mecanizado en Zarautz, Gipuzkoa - Perilan World\" \/>\n<meta property=\"og:description\" content=\"Fabricamos piezas con todo tipo de materiales: Aceros blandos, duros, inoxidables. Aleaciones de cobre, lat\u00f3n, bronce, aluminios.\" \/>\n<meta property=\"og:url\" content=\"https:\/\/perilan.com\/eus\/\" \/>\n<meta property=\"og:site_name\" content=\"Perilan World\" \/>\n<meta property=\"article:modified_time\" content=\"2024-11-13T20:32:39+00:00\" \/>\n<meta property=\"og:image\" content=\"https:\/\/perilan.com\/wp-content\/uploads\/2023\/10\/metalworking-cnc-milling-lathe-machine--1024x683.jpg\" \/>\n\t<meta property=\"og:image:width\" content=\"1024\" \/>\n\t<meta property=\"og:image:height\" content=\"683\" \/>\n\t<meta property=\"og:image:type\" content=\"image\/jpeg\" \/>\n<meta name=\"twitter:card\" content=\"summary_large_image\" \/>\n<meta name=\"twitter:label1\" content=\"Est. reading time\" \/>\n\t<meta name=\"twitter:data1\" content=\"1 minutua\" \/>\n<script type=\"application\/ld+json\" class=\"yoast-schema-graph\">{\"@context\":\"https:\\\/\\\/schema.org\",\"@graph\":[{\"@type\":\"WebPage\",\"@id\":\"https:\\\/\\\/perilan.com\\\/\",\"url\":\"https:\\\/\\\/perilan.com\\\/\",\"name\":\"Empresa de Mecanizado en Zarautz, Gipuzkoa - Perilan World\",\"isPartOf\":{\"@id\":\"https:\\\/\\\/perilan.com\\\/#website\"},\"primaryImageOfPage\":{\"@id\":\"https:\\\/\\\/perilan.com\\\/#primaryimage\"},\"image\":{\"@id\":\"https:\\\/\\\/perilan.com\\\/#primaryimage\"},\"thumbnailUrl\":\"https:\\\/\\\/perilan.com\\\/wp-content\\\/uploads\\\/2023\\\/10\\\/metalworking-cnc-milling-lathe-machine-.jpg\",\"datePublished\":\"2023-10-24T15:22:10+00:00\",\"dateModified\":\"2024-11-13T20:32:39+00:00\",\"description\":\"Fabricamos piezas con todo tipo de materiales: Aceros blandos, duros, inoxidables. Aleaciones de cobre, lat\u00f3n, bronce, aluminios.\",\"breadcrumb\":{\"@id\":\"https:\\\/\\\/perilan.com\\\/#breadcrumb\"},\"inLanguage\":\"eu\",\"potentialAction\":[{\"@type\":\"ReadAction\",\"target\":[\"https:\\\/\\\/perilan.com\\\/\"]}]},{\"@type\":\"ImageObject\",\"inLanguage\":\"eu\",\"@id\":\"https:\\\/\\\/perilan.com\\\/#primaryimage\",\"url\":\"https:\\\/\\\/perilan.com\\\/wp-content\\\/uploads\\\/2023\\\/10\\\/metalworking-cnc-milling-lathe-machine-.jpg\",\"contentUrl\":\"https:\\\/\\\/perilan.com\\\/wp-content\\\/uploads\\\/2023\\\/10\\\/metalworking-cnc-milling-lathe-machine-.jpg\",\"width\":2560,\"height\":1708,\"caption\":\"Metalworking CNC milling lathe machine.\"},{\"@type\":\"BreadcrumbList\",\"@id\":\"https:\\\/\\\/perilan.com\\\/#breadcrumb\",\"itemListElement\":[{\"@type\":\"ListItem\",\"position\":1,\"name\":\"Portada\",\"item\":\"https:\\\/\\\/perilan.com\\\/\"},{\"@type\":\"ListItem\",\"position\":2,\"name\":\"Inicio\"}]},{\"@type\":\"WebSite\",\"@id\":\"https:\\\/\\\/perilan.com\\\/#website\",\"url\":\"https:\\\/\\\/perilan.com\\\/\",\"name\":\"Perilan World\",\"description\":\"Perilan World\",\"publisher\":{\"@id\":\"https:\\\/\\\/perilan.com\\\/#organization\"},\"potentialAction\":[{\"@type\":\"SearchAction\",\"target\":{\"@type\":\"EntryPoint\",\"urlTemplate\":\"https:\\\/\\\/perilan.com\\\/?s={search_term_string}\"},\"query-input\":{\"@type\":\"PropertyValueSpecification\",\"valueRequired\":true,\"valueName\":\"search_term_string\"}}],\"inLanguage\":\"eu\"},{\"@type\":\"Organization\",\"@id\":\"https:\\\/\\\/perilan.com\\\/#organization\",\"name\":\"Perilan World\",\"url\":\"https:\\\/\\\/perilan.com\\\/\",\"logo\":{\"@type\":\"ImageObject\",\"inLanguage\":\"eu\",\"@id\":\"https:\\\/\\\/perilan.com\\\/#\\\/schema\\\/logo\\\/image\\\/\",\"url\":\"https:\\\/\\\/perilan.com\\\/wp-content\\\/uploads\\\/2023\\\/10\\\/cropped-Captura-de-pantalla-de-2023-10-24-17-25-35.png\",\"contentUrl\":\"https:\\\/\\\/perilan.com\\\/wp-content\\\/uploads\\\/2023\\\/10\\\/cropped-Captura-de-pantalla-de-2023-10-24-17-25-35.png\",\"width\":185,\"height\":116,\"caption\":\"Perilan World\"},\"image\":{\"@id\":\"https:\\\/\\\/perilan.com\\\/#\\\/schema\\\/logo\\\/image\\\/\"}}]}<\/script>\n<!-- \/ Yoast SEO plugin. -->","yoast_head_json":{"title":"Empresa de Mecanizado en Zarautz, Gipuzkoa - Perilan World","description":"Fabricamos piezas con todo tipo de materiales: Aceros blandos, duros, inoxidables. Aleaciones de cobre, lat\u00f3n, bronce, aluminios.","robots":{"index":"index","follow":"follow","max-snippet":"max-snippet:-1","max-image-preview":"max-image-preview:large","max-video-preview":"max-video-preview:-1"},"canonical":"https:\/\/perilan.com\/eus\/","og_locale":"en_US","og_type":"article","og_title":"Empresa de Mecanizado en Zarautz, Gipuzkoa - Perilan World","og_description":"Fabricamos piezas con todo tipo de materiales: Aceros blandos, duros, inoxidables. Aleaciones de cobre, lat\u00f3n, bronce, aluminios.","og_url":"https:\/\/perilan.com\/eus\/","og_site_name":"Perilan World","article_modified_time":"2024-11-13T20:32:39+00:00","og_image":[{"width":1024,"height":683,"url":"https:\/\/perilan.com\/wp-content\/uploads\/2023\/10\/metalworking-cnc-milling-lathe-machine--1024x683.jpg","type":"image\/jpeg"}],"twitter_card":"summary_large_image","twitter_misc":{"Est. reading time":"1 minutua"},"schema":{"@context":"https:\/\/schema.org","@graph":[{"@type":"WebPage","@id":"https:\/\/perilan.com\/","url":"https:\/\/perilan.com\/","name":"Empresa de Mecanizado en Zarautz, Gipuzkoa - Perilan World","isPartOf":{"@id":"https:\/\/perilan.com\/#website"},"primaryImageOfPage":{"@id":"https:\/\/perilan.com\/#primaryimage"},"image":{"@id":"https:\/\/perilan.com\/#primaryimage"},"thumbnailUrl":"https:\/\/perilan.com\/wp-content\/uploads\/2023\/10\/metalworking-cnc-milling-lathe-machine-.jpg","datePublished":"2023-10-24T15:22:10+00:00","dateModified":"2024-11-13T20:32:39+00:00","description":"Fabricamos piezas con todo tipo de materiales: Aceros blandos, duros, inoxidables. Aleaciones de cobre, lat\u00f3n, bronce, aluminios.","breadcrumb":{"@id":"https:\/\/perilan.com\/#breadcrumb"},"inLanguage":"eu","potentialAction":[{"@type":"ReadAction","target":["https:\/\/perilan.com\/"]}]},{"@type":"ImageObject","inLanguage":"eu","@id":"https:\/\/perilan.com\/#primaryimage","url":"https:\/\/perilan.com\/wp-content\/uploads\/2023\/10\/metalworking-cnc-milling-lathe-machine-.jpg","contentUrl":"https:\/\/perilan.com\/wp-content\/uploads\/2023\/10\/metalworking-cnc-milling-lathe-machine-.jpg","width":2560,"height":1708,"caption":"Metalworking CNC milling lathe machine."},{"@type":"BreadcrumbList","@id":"https:\/\/perilan.com\/#breadcrumb","itemListElement":[{"@type":"ListItem","position":1,"name":"Portada","item":"https:\/\/perilan.com\/"},{"@type":"ListItem","position":2,"name":"Inicio"}]},{"@type":"WebSite","@id":"https:\/\/perilan.com\/#website","url":"https:\/\/perilan.com\/","name":"Perilan World","description":"Perilan World","publisher":{"@id":"https:\/\/perilan.com\/#organization"},"potentialAction":[{"@type":"SearchAction","target":{"@type":"EntryPoint","urlTemplate":"https:\/\/perilan.com\/?s={search_term_string}"},"query-input":{"@type":"PropertyValueSpecification","valueRequired":true,"valueName":"search_term_string"}}],"inLanguage":"eu"},{"@type":"Organization","@id":"https:\/\/perilan.com\/#organization","name":"Perilan World","url":"https:\/\/perilan.com\/","logo":{"@type":"ImageObject","inLanguage":"eu","@id":"https:\/\/perilan.com\/#\/schema\/logo\/image\/","url":"https:\/\/perilan.com\/wp-content\/uploads\/2023\/10\/cropped-Captura-de-pantalla-de-2023-10-24-17-25-35.png","contentUrl":"https:\/\/perilan.com\/wp-content\/uploads\/2023\/10\/cropped-Captura-de-pantalla-de-2023-10-24-17-25-35.png","width":185,"height":116,"caption":"Perilan World"},"image":{"@id":"https:\/\/perilan.com\/#\/schema\/logo\/image\/"}}]}},"_links":{"self":[{"href":"https:\/\/perilan.com\/eus\/wp-json\/wp\/v2\/pages\/2","targetHints":{"allow":["GET"]}}],"collection":[{"href":"https:\/\/perilan.com\/eus\/wp-json\/wp\/v2\/pages"}],"about":[{"href":"https:\/\/perilan.com\/eus\/wp-json\/wp\/v2\/types\/page"}],"author":[{"embeddable":true,"href":"https:\/\/perilan.com\/eus\/wp-json\/wp\/v2\/users\/1"}],"replies":[{"embeddable":true,"href":"https:\/\/perilan.com\/eus\/wp-json\/wp\/v2\/comments?post=2"}],"version-history":[{"count":6,"href":"https:\/\/perilan.com\/eus\/wp-json\/wp\/v2\/pages\/2\/revisions"}],"predecessor-version":[{"id":448,"href":"https:\/\/perilan.com\/eus\/wp-json\/wp\/v2\/pages\/2\/revisions\/448"}],"wp:featuredmedia":[{"embeddable":true,"href":"https:\/\/perilan.com\/eus\/wp-json\/wp\/v2\/media\/115"}],"wp:attachment":[{"href":"https:\/\/perilan.com\/eus\/wp-json\/wp\/v2\/media?parent=2"}],"curies":[{"name":"wp","href":"https:\/\/api.w.org\/{rel}","templated":true}]}}